, what is 2250121 - -230?
2250351
In base 8, what is -11242 + -170?
-11432
In base 2, what is 10001111110010011 - -10011?
10001111110100110
In base 3, what is 10002212112212200111 - 2?
10002212112212200102
In base 11, what is 90 - -228a1?
22981
In base 12, what is 5 - 1132726?
-1132721
In base 3, what is 11011 - -21210022000?
21210110011
In base 4, what is 132 + 1300220100000?
1300220100132
In base 7, what is 3 + 5613210336?
5613210342
In base 6, what is 10555 + 2001500?
2012455
In base 12, what is -3 - -42205a30?
42205a29
In base 6, what is 10251 - 552553?
-542302
In base 11, what is -400a40619 - 3?
-400a40621
In base 3, what is -1012 - -2011010211122110?
2011010211121021
In base 12, what is 2 - -231911?
231913
In base 11, what is a203594 - 4?
a203590
In base 2, what is 10010001000011001110000 - 10010011?
10010001000010111011101
In base 11, what is 43 + 890173?
890206
In base 8, what is -16114524 - 26?
-16114552
In base 11, what is -3a765 - 2073?
-41828
In base 6, what is 133353101 + -100?
133353001
In base 4, what is -120 - -223002103031?
223002102311
In base 5, what is -1413023 + 404?
-1412114
In base 14, what is 176 + 47797?
4792d
In base 3, what is 201110 - 20122110100?
-20121201220
In base 6, what is 352330200 - -133?
352330333
In base 4, what is 213202 - -1322101?
2201303
In base 15, what is 1d44 + 3e56?
5c9a
In base 2, what is 11100011 - 1111000111000?
-1110101010101
In base 6, what is -130500305 + -253?
-130501002
In base 5, what is 2220432 - -3142?
2224124
In base 14, what is -88 - -1244a0?
124416
In base 7, what is 6126 - -2244?
11403
In base 15, what is 1369667 + 11?
1369678
In base 10, what is -824499 - -379?
-824120
In base 11, what is -385559 + 966?
-3846a3
In base 6, what is -55 - 1041524?
-1042023
In base 12, what is 10 + -3856754?
-3856744
In base 7, what is 1105201044 + -11?
1105201033
In base 6, what is 2533241 - 2240?
2531001
In base 2, what is -1110010 + -10000000010010?
-10000010000100
In base 16, what is 37c6241 - 2?
37c623f
In base 12, what is 22 - -28a62a?
28a650
In base 7, what is -4 + -32560435?
-32560442
In base 4, what is -13022103212 + -120?
-13022103332
In base 11, what is 2027 - -45340?
47367
In base 15, what is -463da - 2?
-463dc
In base 3, what is -110000 + 212220?
102220
In base 11, what is -175 - 5795?
-595a
In base 12, what is 45 - -486203?
486248
In base 12, what is 132a0 - 3?
13299
In base 4, what is 10 - -221323030320?
221323030330
In base 9, what is -645241 - 42?
-645283
In base 13, what is -51ab - 2cc?
-54aa
In base 5, what is 123332 + 324030?
1002412
In base 7, what is -2 + -202251001?
-202251003
In base 10, what is 2096480 - 3?
2096477
In base 4, what is 112 - 332022022?
-332021310
In base 2, what is 111010010010011 - -11001101100010?
1010011111110101
In base 4, what is -111211 - -30112?
-21033
In base 4, what is -23 + 13000210320?
13000210231
In base 8, what is 1 - 7757761?
-7757760
In base 8, what is -2736721511 + 2?
-2736721507
In base 15, what is -4 - -85d8a5?
85d8a1
In base 6, what is 5 + 1432210221?
1432210230
In base 4, what is -130132223 - -102231?
-130023332
In base 15, what is d58411 + -1?
d58410
In base 16, what is 1ab60 - 814?
1a34c
In base 15, what is 1413 - -5c?
1470
In base 6, what is -22100245 - 105?
-22100354
In base 15, what is -4 + -11a1851?
-11a1855
In base 9, what is -27441 + 407?
-27033
In base 12, what is 33a5b39 + -4?
33a5b35
In base 16, what is -3d38f5 + -f?
-3d3904
In base 11, what is 3 + 445a7888?
445a7890
In base 10, what is 384695574 + -1?
384695573
In base 13, what is 23 + 1242155?
1242178
In base 11, what is 14458 + 365?
14812
In base 3, what is -1021022220012221 + 110?
-1021022220012111
In base 3, what is 1220 + 1212122112020?
1212122121010
In base 11, what is -5 + -46958950?
-46958955
In base 12, what is -a296 - -28a?
-a008
In base 13, what is -ab - 2169?
-2247
In base 7, what is 20 - -10143212?
10143232
In base 13, what is -854 - -5cc72?
5c41b
In base 3, what is 10000102211221 - 1010?
10000102210211
In base 2, what is 110101001110 + -10101001000?
100000000110
In base 2, what is 10100111101101100110101011001 - 0?
10100111101101100110101011001
In base 14, what is 2 + 24452cb?
24452cd
In base 5, what is 21112234 - 230?
21112004
In base 12, what is 1 + -90a1110?
-90a110b
In base 15, what is 8d + -56c?
-4ce
In base 13, what is 39bc8368 - 4?
39bc8364
In base 8, what is 37602 - 1306?
36274
In base 12, what is -11707704 - -5?
-117076bb
In base 7, what is -1001101 - -300?
-1000501
In base 13, what is 1c8ba72 + 3?
1c8ba75
In base 3, what is -10021121121 - -221101?
-10020200020
In base 7, what is -36604 + 311362?
241455
In base 11, what is 329a227 + 1a?
329a246
In base 14, what is 8 + -17c68d7?
-17c68cd
In base 2, what is 1010101001001 - -110111101010010?
1000010010011011
In base 14, what is -92a88 - -399?
-926cd
In base 16, what is 37 + 5385?
53bc
In base 8, what is -6632 - 1220252?
-1227104
In base 3, what is -12000000020 + 10002001?
-11212221012
In base 15, what is -19718dc3 - -2?
-19718dc1
In base 15, what is -11 + -ac37?
-ac48
In base 8, what is 7571356 - -12?
7571370
In base 12, what is -247149 - 2a?
-247177
In base 6, what is 4523 + -3343334?
-3334411
In base 6, what is -4 + -415515?
-415523
In base 13, what is 42146c - -1?
421470
In base 7, what is -324025213 - 0?
-324025213
In base 15, what is 508 - -4c67?
5270
In base 16, what is 1 + -14b7da9?
-14b7da8
In base 14, what is 19c662d + -3?
19c662a
In base 6, what is 3 - 152531521?
-152531514
In base 6, what is 4411 + 131143?
135554
In base 6, what is 2 + 10340543203?
10340543205
In base 7, what is -1 - -30161660?
30161656
In base 11, what is 2198a59 + -14?
2198a45
In base 13, what is 14959a10 + -2?
14959a0b
In base 9, what is -10665868 - -2?
-10665866
In base 14, what is a - -5dd53?
5dd5d
In base 10, what is 3 - -26353610?
26353613
In base 5, what is -401031 + -3?
-401034
In base 9, what is 1582512 - -17?
1582530
In base 16, what is 35a55e - 1d?
35a541
In base 2, what is -101010111 + -1001000000110100?
-1001000110001011
In base 7, what is 343 - 412315?
-411642
In base 14, what is 123 + -5368b?
-53568
In base 14, what is -4c5a - -1d695?
18839
In base 10, what is 5503 - 562?
4941
In base 15, what is cbd5ca - 0?
cbd5ca
In base 11, what is -42 - 7919?
-7960
In base 14, what is 22a5 - 650?
1a55
In base 15, what is -5 - -6eb4bd?
6eb4b8
In base 6, what is 113402403112 + 2?
113402403114
In base 2, what is -1100101 - -111011110001001000110?
111011110000111100001
In base 15, what is -8ec + 51c?
-3d0
In base 2, what is -1011110110 - -1000101000111001?
1000011101000011
In base 2, what is -1100110000000010010 - -1000?
-1100110000000001010
In base 4, what is -10333 - 222302?
-233301
In base 13, what is -134c565 - -1?
-134c564
In base 3, what is 100202102111100 + 1120?
100202102112220
In base 13, what is -c6b200 - -12?
-c6b1bb
In base 3, what is 2122222100102220 - 0?
2122222100102220
In base 15, what is 234 - -557c2?
55a06
In base 3, what is 1121001 + -12120021?
-10222020
In base 5, what is -3040 + 3124322?
3121232
In base 8, what is -3 - 6115171?
-6115174
In base 7, what is 43133 - -130132?
203265
In base 9, what is -3820108 + -1?
-3820110
In base 7, what is -4 + 60241162?
60241155
In base 16, what is -6e - b41c5?
-b4233
In base 4, what is 132332 + 203222?
1002220
In base 11, what is 3 - 8240509?
-8240506
In base 10, what is -2563620 - 27?
-2563647
In base 3, what is -12122202122 + -21010?
-12200000202
In base 14, what is -5cba - -dc4?
-4cd6
In base 7, what is -461 - -141041?
140250
In base 12, what is 7210621 + -4?
7210619
In base 13, what is 2871a + -6156?
22594
In base 2, what is -10100011101 - -1000000010000?
101011110011
In base 7, what is -53520056 + -4?
-53520063
In base 4, what is 22220 + -201121333?
-201033113
In base 7, what is -25253 - -1006?
-24244
In base 15, what is -5 - 9d49616?
-9d4961b
In base 15, what is -1b6 - 659e?
-6765
In base 12, what is -16a018a - 8?
-16a0196
In base 2, what is -1 + 10000010100001101011010?
10000010100001101011001
In base 13, what is -14 + -26358c7?
-263590b
In base 7, what is -3 + -34506105?
-34506111
In base 10, what is -246572243 - -1?
-246572242
In base 3, what is -1121 - 111102200011020?
-111102200012211
In base 15, what is -7a69d7 - -2?
-7a69d5
In base 7, what is 155503 + -34?
155436